Determine i(-2).
1
Let k(b) = -26*b**2 + 5*b. Give k(1).
-21
Let g(h) = 10*h - 97. What is g(9)?
-7
Let h(a) = 9*a**2 + 4*a - 9. Calculate h(3).
84
Let s(f) = 19*f - 13. Give s(-3).
-70
Let y(i) = i**3 + 16*i**2 + 19*i + 31. Give y(-15).
-29
Let h(w) = w**2 - 15*w + 16. Calculate h(14).
2
Let d(x) = 4*x + 30. What is d(-10)?
-10
Let u(m) = -m - 5. Give u(5).
-10
Let j(p) = -p**3 + 10*p**2 - 17*p - 7. Determine j(8).
-15
Let i(f) = f**2 - f + 5. Give i(3).
11
Let y(b) = b**3 - 45*b**2 - 4*b + 178. What is y(45)?
-2
Let i(x) = x**3 + x**2 + x - 23. What is i(0)?
-23
Let c(a) = -a**2 + 7*a - 8. Determine c(6).
-2
Let v(r) = 19*r - 9. What is v(1)?
10
Let v(n) = -8*n**2 - 97*n - 13. Give v(-12).
-1
Let s(q) = 11*q + 68. Give s(-6).
2
Let v(x) = -5*x + 15. Give v(8).
-25
Let w(h) = 2*h + 26. Give w(-29).
-32
Let t(g) = g**3 + 15*g**2 - 14*g + 26. Give t(-16).
-6
Let a(s) = -s**2 - 25*s + 192. Calculate a(6).
6
Let p(b) = -10*b + 6. Calculate p(2).
-14
Let q(g) = -g + 2. Determine q(4).
-2
Let v(w) = 8*w - 49. Determine v(8).
15
Let c(r) = -29*r**3 - r**2 - 2*r - 1. Determine c(-1).
29
Let w(z) = -31*z**2 - 5*z - 10. What is w(-2)?
-124
Let y(n) = n**2 - 41*n + 259. Determine y(8).
-5
Let p(j) = -8*j**2 + 63*j + 16. What is p(8)?
8
Let q(v) = -4*v**3 - v**2 + 23. Give q(0).
23
Let x(d) = -d**3 + 15*d**2 - 13*d - 19. Determine x(14).
-5
Let y(j) = -j**2 - 11*j + 3. What is y(-11)?
3
Let p(j) = j**2 - 7*j + 10. Determine p(4).
-2
Let h(z) = 5*z - 2. What is h(-1)?
-7
Let i(h) = 23*h - 5. Calculate i(2).
41
Let s(o) = o**3 - 8*o**2 + 9*o - 4. Give s(7).
10
Let f(n) = -2*n - 2. Determine f(3).
-8
Let n(z) = -2*z**3 - 17*z**2 + 14*z + 14. Calculate n(-9).
-31
Let u(g) = 2*g - 8. Give u(-6).
-20
Let z(a) = -15*a**2 - 5*a + 1. Determine z(2).
-69
Let z(i) = -136*i**3 + 2*i**2 - i. Determine z(1).
-135
Let r(n) = n - 42. Determine r(32).
-10
Let o(c) = 4*c + 135. Determine o(-32).
7
Let j(o) = o**3 - 6*o**2 - 14*o + 12. Calculate j(8).
28
Let x(i) = -i**3 - 3*i**2 - 3*i - 3. What is x(-2)?
-1
Let q(x) = 8*x + 42. Calculate q(-4).
10
Let g(b) = 26*b + 5. Give g(-3).
-73
Let p(k) = -k**3 + 5*k**2 - 3*k + 3. Determine p(5).
-12
Let h(g) = -g**2 + g + 2. Determine h(-1).
0
Let l(h) = -8*h**2 + 6*h - 7. Determine l(3).
-61
Let g(o) = -9*o + 17. Give g(1).
8
Let i(g) = g**2 - 2*g + 3. Calculate i(4).
11
Let b(d) = -d**2 - 10*d - 2. Calculate b(-7).
19
Let t(l) = -l**3 + 13*l**2 + 3*l - 29. Give t(13).
10
Let w(v) = 6*v**2 + 5*v + 9. Give w(-2).
23
Let x(w) = -w**2 + w + 10. Calculate x(0).
10
Let l(a) = 13*a**2 + a - 2. Give l(1).
12
Let o(r) = r**2 - 7*r - 7. What is o(6)?
-13
Let j(c) = 5*c**2 - 35*c + 38. Determine j(6).
8
Let b(v) = v**3 - 8*v**2 - v - 4. What is b(7)?
-60
Let i(k) = -k**3 - 16*k**2 - 5*k - 80. Give i(-16).
0
Let p(r) = r**2 - r + 1. Give p(-2).
7
Let m(f) = -f**3 - 8*f**2 + 8*f - 8. Give m(-9).
1
Let a(g) = -g**2 + 20*g + 20. What is a(21)?
-1
Let y(u) = -u**3 - u**2 + 5*u - 43. Determine y(0).
-43
Let c(v) = 5*v + 41. Give c(-20).
-59
Let o(l) = 2*l + 15. Determine o(-9).
-3
Let h(t) = -4*t + 9. Determine h(4).
-7
Let q(o) = -155*o + 1. What is q(-1)?
156
Let x(h) = -22*h**3 + 3*h**2 + h - 1. Determine x(-1).
23
Let m(a) = 13*a - 23. Give m(-9).
-140
Let h(o) = 7*o**2 + 53*o - 9. Determine h(-8).
15
Let q(l) = -l**2 + l + 6. Give q(2).
4
Let s(a) = -2*a**3 + 25*a**2 - 18*a + 26. Determine s(12).
-46
Let g(h) = h**3 + 6*h**2 + 5*h - 4. Determine g(-5).
-4
Let j(z) = -z**3 - 10*z**2 + 20*z - 30. Calculate j(-12).
18
Let v(p) = 22*p**3 + p. Give v(1).
23
Let m(t) = t**3 + 3*t**2 + 5*t + 6. What is m(-2)?
0
Let q(z) = -z**2 + 14*z + 15. Give q(16).
-17
Let n(y) = -y**3 + y**2 + 3*y - 2. What is n(2)?
0
Let z(c) = -c - 7. Determine z(-1).
-6
Let a(s) = -3*s**2 - 2*s + 5. What is a(-3)?
-16
Let f(r) = 2*r**2 - 44*r - 155. Calculate f(25).
-5
Let j(u) = -2*u**2 + 6*u + 10. Calculate j(8).
-70
Let s(r) = -2*r**2 + 14*r + 127. Calculate s(12).
7
Let n(k) = 28*k**3 - 1. Give n(1).
27
Let o(u) = 2*u**3 - 4*u**2 - u + 5. Determine o(2).
3
Let y(h) = h**2 - 19*h + 9. Determine y(19).
9
Let m(n) = 18*n**3 - 4*n**2 + 4*n - 1. Give m(2).
135
Let v(o) = 4*o - 22. Give v(3).
-10
Let q(x) = x**3 + 20*x**2 + 54*x + 54. Determine q(-17).
3
Let o(f) = 13*f**2 + 7*f + 6. Calculate o(-2).
44
Let u(k) = k**3 - 7*k**2 + 3*k - 5. Determine u(5).
-40
Let f(i) = -i**3 - 3*i**2 + 3*i - 1. What is f(2)?
-15
Let f(y) = 17*y - 14. What is f(2)?
20
Let a(j) = -j**2 + 12*j + 11. Determine a(5).
46
Let u(w) = 6*w**2 + 6*w + 5. Determine u(-1).
5
Let r(p) = -3*p - 30. Give r(-6).
-12
Let b(o) = -5*o + 108. Determine b(21).
3
Let j(s) = 3*s + 9. Calculate j(-8).
-15
Let a(l) = -7*l - 4. What is a(-7)?
45
Let b(k) = -k**3 + 2*k**2 - k. Determine b(3).
-12
Let n(f) = 48*f + 262. Determine n(-5).
22
Let v(h) = 2*h**2 - 14*h - 10. Determine v(10).
50
Let h(a) = a**3 + 9*a**2 + 5*a + 5. Determine h(-9).
-40
Let q(i) = -i**3 + 8*i**2 - 6*i - 7. Calculate q(7).
0
Let d(x) = -x**3 - 6*x**2 + 38*x + 230. What is d(-6)?
2
Let o(q) = -q**2 - 7*q + 7. Determine o(-6).
13
Let m(k) = -k - 2. What is m(-9)?
7
Let v(s) = s**3 + 34*s**2 - 2*s - 72. What is v(-34)?
-4
Let r(g) = -g**2 - 30*g - 61. Give r(-28).
-5
Let i(o) = -o**2 + 2*o + 9. Determine i(-3).
-6
Let q(n) = -n**3 - 7*n**2 - 10*n + 6. What is q(-5)?
6
Let o(w) = -w**2 + 10*w - 8. Calculate o(9).
1
Let f(j) = j**2 - j + 11. Give f(0).
11
Let r(n) = -n**2 - 12*n + 51. Give r(4).
-13
Let z(q) = -4*q - 3. What is z(-2)?
5
Let a(m) = 48*m + 1005. Determine a(-21).
-3
Let a(q) = -q**3 + 5*q**2 - 3*q + 11. Give a(5).
-4
Let n(h) = -h + 11. What is n(-8)?
19
Let o(n) = -2*n**2 + 39*n - 121. Determine o(16).
-9
Let s(d) = -6*d - 4. Determine s(-5).
26
Let d(w) = -w**3 + 12*w**2 - 20*w. What is d(11)?
-99
Let o(w) = w**3 - 10*w**2 + 11*w + 12. Give o(9).
30
Let r(x) = x + 2. Give r(-6).
-4
Let z(s) = -2*s**2 + 75*s - 232. Give z(34).
6
Let h(m) = m**3 - 9*m**2 + 7*m - 1. Calculate h(7).
-50
Let c(p) = p + 2. Calculate c(5).
7
Let c(s) = -s**2 - 2*s - 49. Calculate c(0).
-49
Let n(t) = -3*t - 1. Determine n(-8).
23
Let b(i) = 10*i + 274. Calculate b(-27).
4
Let d(v) = -v**3 - 2*v**2 + 5*v - 8. Determine d(-4).
4
Let k(l) = -l**3 + 9*l**2 + l - 2. Give k(9).
7
Let c(w) = -w**3 - 3*w**2 - 1. What is c(-3)?
-1
Let q(t) = 2*t**2 - 10*t - 2. Determine q(7).
26
Let r(y) = -y**3 - 21*y**2 + 25*y + 70. Give r(-22).
4
Let q(u) = -8*u - 196. Calculate q(-24).
-4
Let k(y) = -10*y - 12. What is k(-3)?
18
Let l(g) = -4*g**2 - g + 1. Calculate l(-2).
-13
Let p(h) = -28*h**3 - 3*h - 2. What is p(-1)?
29
Let u(y) = -3*y + 26. Calculate u(9).
-1
Let t(m) = 9*m. Give t(1).
9
Let y(v) = v**3 + 11*v**2 + 5*v + 58. What is y(-11)?
3
Let d(o) = o**3 - o**2 + o - 10. Give d(0).
-10
Let o(g) = 8*g - 4. Give o(7).
52
Let f(m) = m**3 - 7*m**2 - 11*m + 25. Give f(8).
1
Let z(r) = 17*r**3 + 3*r - 2. What is z(1)?
18
Let x(v) = 3*v + 37. Give x(-6).
19
Let h(c) = -41*c**2 - 290*c - 12. Determine h(-7).
9
Let a(w) = w**3 + 11*w**2 + 11*w. What is a(-9)?
63
Let a(b) = b**3 - b**2 + b - 8. Calculate a(0).
-8
Let a(x) = -7*x - 4. What is a(-2)?
10
Let h(k) = 11*k**2 - k - 2. Determine h(-2).
44
Let q(d) = d**3 + 12*d**2 - 4*d + 20. Determine q(-12).
68
Let f(m) = 9*m - 57. Determine f(5).
-12
Let x(q) = q - 3. Give x(7).
4
Let g(b) = b**3 + 21*b**2 + 18*b - 4. What is g(-20)?
36
Let i(f) = f**2 - 2*f - 9. Give i(3).
-6
Let j(b) = 7*b - 7. Calculate j(-3).
-28
Let m(u) = u**2 + 13*u + 29. Calculate m(-12).
17
Let t(d) = 2*d + 41. What is t(-22)?
-3
Let c(t) = -t**2 + 5*t - 6. Give c(5).
-6
Let w(f) = 5*f - 6. Give w(3).
9
Let n(f) = f**3 - 5*f**2 - 1. Determine n(4).
-17
Let f(t) = t**3 + 13*t**2 - 15*t - 18. Calculate f(-14).
-4
Let h(y) = 21*y - 72. What is h(3)?
-9
Let g(w) = 26*w**2 + w + 2. Determine g(-1).
27
Let s(r) = r**3 + 4*r**2 + 3*r. Give s(-4).
-12
Let x(o) = -4*o - 5. Determine x(-1).
-1
Let m(r) = -26*r + 139. Give m(5).
9
Let v(h) = h. What is v(1)?
1
Let m(t) = t**2 + 8*t - 5. What is m(-8)?
-5
Let g(m) = m**3 - 3*m**2 - 4*m. Give g(3).
-12
Let f(k) = 3*k**2 + 4*k - 3. Calculate f(2).
17
Let x(w) = -8*w - 34. Determine x(-5).
6
Let c(l) = 4*l - 17. Determine c(5).
3
Let c(p) = p**2 - 6*p + 9. Determine c(5).
4
Let m(h) = -5*h**3 - 2*h**2 + 4*h - 3. Give 